et d(x) = -x**2 - 15*x + 29. Determine d(-16).
13
Let u(s) = 4*s**2 - 37*s + 13. Calculate u(9).
4
Let p(o) = o**2 - 9*o + 35. What is p(7)?
21
Let h(f) = -2*f - 8. Calculate h(-6).
4
Let l(d) = -12*d - 8. What is l(-1)?
4
Let w(b) = -3*b**3 + 7*b**2 - 7*b + 8. Determine w(4).
-100
Let p(v) = -v**2 + 28*v - 202. Give p(18).
-22
Let u(c) = c**3 - c**2 + 3. What is u(3)?
21
Let u(l) = -4*l**3 - l**2 + 1. What is u(-1)?
4
Let p(x) = x**3 - 21*x**2 + 2*x - 39. What is p(21)?
3
Let o(h) = -2*h**3 - 13*h**2 + 5*h + 4. What is o(-7)?
18
Let m(h) = -4*h - 1. Determine m(6).
-25
Let p(w) = w**2 + 23*w - 207. Determine p(-30).
3
Let t(m) = -m + 10. Give t(6).
4
Let a(c) = -c**2 - 8*c + 13. Determine a(-8).
13
Let q(n) = 10*n - 344. Calculate q(34).
-4
Let l(p) = 12*p + 305. Calculate l(-25).
5
Let u(r) = r + 58. Give u(-17).
41
Let i(a) = a - 5. Determine i(2).
-3
Let v(h) = 4*h + 1. Calculate v(-2).
-7
Let y(z) = -z**2 + 6*z + 5. Determine y(7).
-2
Let j(y) = -10*y + 110. Determine j(0).
110
Let z(p) = 21*p - 196. What is z(9)?
-7
Let w(d) = -2*d**3 - d**2. Calculate w(-2).
12
Let s(i) = 15*i + 2. Give s(9).
137
Let l(o) = o**2 - 9*o - 55. Calculate l(9).
-55
Let v(f) = -9*f**2 - 34*f + 13. Give v(-4).
5
Let a(k) = k**3 - 9*k + 2. What is a(-3)?
2
Let s(f) = -58*f + 306. What is s(5)?
16
Let l(g) = -7*g**3 - 2*g**2 + 2*g - 5. What is l(2)?
-65
Let g(y) = -5*y - 1. Give g(5).
-26
Let w(k) = -2*k**2 - 3*k + 7. Calculate w(5).
-58
Let y(t) = -t**3 + 6*t**2 - 8*t - 4. Give y(4).
-4
Let u(j) = 4*j + 14. What is u(-9)?
-22
Let h(u) = -2*u - 39. Determine h(-15).
-9
Let g(w) = w - 14. Calculate g(9).
-5
Let p(r) = -2*r**3 - 44*r**2 - 41*r + 16. Determine p(-21).
-5
Let t(n) = 15*n + 83. Give t(-5).
8
Let c(t) = -t**2 + 28*t - 82. Give c(25).
-7
Let o(n) = n**2 + 3*n - 1. Determine o(-4).
3
Let c(o) = -9*o + 3. Give c(1).
-6
Let a(o) = -6*o + 257. What is a(43)?
-1
Let m(w) = -w**2 + 17*w - 6. What is m(13)?
46
Let a(l) = -l**2 + 4*l - 3. Determine a(3).
0
Let n(s) = 36*s - 66. Give n(2).
6
Let g(u) = -9*u + 16. Calculate g(2).
-2
Let b(k) = -4*k - 9. Determine b(-3).
3
Let u(q) = -q**3 - 5*q**2 - 7*q - 4. Give u(-4).
8
Let q(d) = -2*d**3 + 3*d**2 + 2*d + 1. Calculate q(2).
1
Let y(l) = -l**2 + 6. What is y(-5)?
-19
Let z(d) = -d**3 - 16*d**2 - 15*d + 36. Determine z(-15).
36
Let b(h) = -h**2 - 14*h - 3. Calculate b(-14).
-3
Let f(u) = u**2 + 7*u - 22. Calculate f(-10).
8
Let o(d) = 2*d + 26. What is o(-10)?
6
Let o(i) = -3*i**2 + 7*i - 3. What is o(5)?
-43
Let j(z) = -3*z**3 + 6*z**2 + 2*z. Determine j(3).
-21
Let p(m) = 2*m**2 + 68*m + 66. Determine p(-33).
0
Let v(r) = -r**3 + 4*r**2 + 9*r - 12. Determine v(5).
8
Let z(l) = -2*l - 3. Give z(0).
-3
Let c(b) = -6*b**2 + 68*b - 8. Determine c(11).
14
Let r(t) = -15*t - 7. Determine r(-5).
68
Let p(l) = -l**3 + 4*l**2 - l - 4. What is p(3)?
2
Let w(i) = -i**3 - 20*i**2 - 22*i - 11. Determine w(-19).
46
Let f(v) = -3*v + 12. Determine f(9).
-15
Let h(o) = 5*o + 6. What is h(-2)?
-4
Let l(v) = -5*v**2 - 99*v + 24. Determine l(-20).
4
Let y(n) = -n**3 + 24*n**2 - 80*n - 24. What is y(20)?
-24
Let i(r) = 6*r**3 - 2*r**2 - 2. Calculate i(-2).
-58
Let b(o) = -3*o + 6. Determine b(0).
6
Let z(o) = -2*o - 22. Determine z(-9).
-4
Let i(c) = 5*c**2 + c - 2. What is i(-2)?
16
Let v(z) = 11*z - 53. What is v(5)?
2
Let s(x) = x**2 + 9. Calculate s(0).
9
Let y(r) = r**2 - 8*r - 13. Determine y(9).
-4
Let p(j) = -3*j - 6. Determine p(10).
-36
Let i(z) = 2*z**2 - 4*z - 1. Give i(3).
5
Let h(n) = 4*n + 29. Give h(-7).
1
Let k(l) = l**3 + 6*l**2 - 5*l + 6. Give k(-6).
36
Let s(a) = -a**3 - 9*a**2 - 8*a - 5. Give s(-2).
-17
Let s(b) = -b**3 + 5*b**2 + 6*b - 24. Determine s(5).
6
Let s(w) = -w**2 - 21*w + 36. Determine s(-24).
-36
Let x(m) = m**2 + 21*m + 70. Give x(-18).
16
Let c(k) = -k**3 - 4*k**2 + 17. Calculate c(-3).
8
Let w(v) = -48*v**3 - 5*v - 4. Give w(-1).
49
Let g(z) = 2*z - 12. What is g(24)?
36
Let k(h) = 4*h**2 - 4. Give k(-2).
12
Let c(s) = 7*s + 71. Give c(-15).
-34
Let v(y) = -3*y - 18. What is v(-8)?
6
Let s(i) = 2*i - 1. What is s(1)?
1
Let a(n) = -16*n - 13. What is a(-1)?
3
Let q(n) = -n + 5. What is q(3)?
2
Let f(a) = a**2 + 14*a + 19. What is f(-13)?
6
Let w(u) = u + 18. What is w(0)?
18
Let d(j) = j**2 - 39*j - 123. Calculate d(-3).
3
Let d(i) = 15*i - 67. What is d(5)?
8
Let x(f) = 11*f + 63. Determine x(-20).
-157
Let n(i) = 2*i**2 + 86*i - 3. Give n(-43).
-3
Let p(x) = -x**3 - 8*x**2 - 7*x + 2. What is p(-7)?
2
Let b(f) = -2*f + 1. What is b(-2)?
5
Let b(j) = -2*j**2 + j + 1. Calculate b(2).
-5
Let o(k) = k**2 + 13*k + 10. Determine o(-10).
-20
Let j(s) = s**3 - 28*s**2 + 51*s + 20. Calculate j(26).
-6
Let v(y) = -7*y + 41. Calculate v(7).
-8
Let f(o) = -19*o - 3. What is f(-3)?
54
Let y(x) = -x**2 + 5*x - 5. Give y(2).
1
Let j(x) = -2*x - 2. Give j(-7).
12
Let o(m) = 7*m + 20. Give o(-2).
6
Let a(j) = j**2 - 9*j - 8. Give a(9).
-8
Let a(v) = -v**2 - 15*v - 17. What is a(-14)?
-3
Let y(r) = r**2 + 8*r + 4. Determine y(-7).
-3
Let q(v) = v**3 + 5*v**2 + 3*v - 9. What is q(-5)?
-24
Let m(r) = r + 2. Determine m(-9).
-7
Let y(c) = -8*c**2 + 2*c - 2. What is y(2)?
-30
Let s(a) = -2*a + 1. Give s(-3).
7
Let f(k) = -k**3 + 5*k**2 - 5*k + 5. Give f(3).
8
Let i(k) = k**3 - k**2 + 2*k + 131. Give i(0).
131
Let y(d) = -d**3 + d**2 + 5*d + 5. What is y(-2)?
7
Let j(y) = 4*y + 11. Calculate j(-9).
-25
Let t(u) = 2*u + 10. What is t(9)?
28
Let k(x) = 2*x**2 + 4*x - 2. What is k(-3)?
4
Let k(o) = -o**2 - 5*o - 9. Give k(0).
-9
Let c(b) = -5*b - 17. What is c(8)?
-57
Let a(f) = 20*f**2 - f. Give a(-2).
82
Let h(q) = q - 27. Calculate h(19).
-8
Let m(x) = 2*x + 6. Give m(-4).
-2
Let w(g) = -8*g - 22. Calculate w(-7).
34
Let y(z) = z**2 + 5*z + 6. Calculate y(-9).
42
Let g(k) = -91*k - 546. Give g(-6).
0
Let t(k) = k**3 + k**2 + 3*k + 59. Give t(0).
59
Let q(v) = -23*v**3 - v - 1. Determine q(-1).
23
Let b(l) = l**3 - 3*l**2 - 27*l - 7. What is b(7)?
0
Let j(y) = y**2 + 17*y + 13. Give j(-16).
-3
Let b(k) = k**3 - 23*k**2 - 29*k + 127. Give b(24).
7
Let n(k) = -k**3 - 4*k**2 + 3*k - 2. Calculate n(-5).
8
Let z(p) = -p**3 - 15*p**2 - 31*p - 8. Determine z(-13).
57
Let y(a) = -13*a**2 - 64*a + 2. Calculate y(-5).
-3
Let d(c) = -c**2 + 14*c - 25. What is d(7)?
24
Let p(t) = -14*t + 271. What is p(19)?
5
Let w(f) = -f**2 + 18*f. Give w(0).
0
Let g(i) = i + 33. What is g(0)?
33
Let a(m) = 11*m - 48. What is a(5)?
7
Let g(j) = 3*j**3 - j**2 - j. Give g(-1).
-3
Let a(h) = -4*h**2 + h + 2. Give a(3).
-31
Let f(b) = -b**2 - 73*b - 281. Give f(-4).
-5
Let q(j) = -j**2 + 4*j + 3. What is q(5)?
-2
Let j(z) = z**3 - 5*z**2 - 35*z - 11. What is j(9)?
-2
Let x(c) = c**2 - 10*c + 17. Calculate x(7).
-4
Let l(s) = -s**3 - 6*s**2 + 7*s - 12. Determine l(-7).
-12
Let d(v) = v**3 - 20*v**2 + 49*v + 19. Give d(17).
-15
Let c(w) = -w**2 - 7*w - 13. Calculate c(-7).
-13
Let f(l) = -l**3 + 12*l**2 - 9*l - 16. Calculate f(11).
6
Let f(r) = 27*r + 14. Determine f(-3).
-67
Let j(h) = h**3 + 5*h**2 - 5*h + 6. What is j(-6)?
0
Let t(x) = -x**3 - 18*x**2 - 21*x - 57. What is t(-17)?
11
Let t(b) = -4*b - 23. Calculate t(-7).
5
Let y(w) = -2*w - 20. Determine y(7).
-34
Let a(b) = b**3 - 18*b**2 - 34*b - 42. What is a(20)?
78
Let y(w) = w**3 + 5*w**2 - 6*w + 5. Give y(-6).
5
Let d(w) = w + 2. Give d(7).
9
Let k(s) = -20*s**3 + s**2 + s - 1. Determine k(1).
-19
Let j(o) = -o**2 - 7*o + 5. Determine j(-9).
-13
Let p(d) = d**3 + 5*d**2 - 5*d + 12. Give p(-7).
-51
Let t(g) = 18*g + 23. Give t(3).
77
Let y(g) = -g + 3. Determine y(-9).
12
Let q(d) = 2*d**3 - 4*d - 2. Calculate q(3).
40
Let i(k) = k**3 + k**2 - 12*k + 4. Calculate i(4).
36
Let k(p) = p**2 + 5*p - 8. Calculate k(-7).
6
Let w(u) = -u**3 + 21*u**2 + 2. Give w(21).
2
Let x(v) = 8*v + 80. What is x(-8)?
16
Let n(c) = -c**2 + 2. Determine n(6).
-34
Let h(l) = 10*l - 6. What is h(3)?
24
Let o(y) = -y**3 + y**2 - 3*y + 15. Calculate o(0).
15
Let v(n) = -n**3 - 23*n**2 + 81*n + 63. Calculate v(-26).
-15
Let w(o) = -2*o**3 + o**2 - 2*o. Give w(1).
-3
Let p(g) = -22*g. Calculate p(-1).
22
Let g(f) = 21*f + 165. Calculate g(-10).
-45
Let j(s) = s**2 + s - 27. What is j(0)?
-27
Let u(m) = 11*m + 35. Give u(-3).
2
Let c(m) = -3*m - 16. Give c(12).
-52
Let g(r) = 2*r**3 + 5*r**2 + 3*r + 4. Give g(-3).